{"id":98,"date":"2022-05-03T08:08:30","date_gmt":"2022-05-03T08:08:30","guid":{"rendered":"https:\/\/aerohidro.uma.es\/?page_id=98"},"modified":"2022-05-03T08:08:44","modified_gmt":"2022-05-03T08:08:44","slug":"simulacion-numerica-de-flujos-geofisicos-english","status":"publish","type":"page","link":"https:\/\/aerohidro.uma.es\/?page_id=98&lang=en","title":{"rendered":"Simulaci\u00f3n num\u00e9rica de flujos geof\u00edsicos &#8211; English"},"content":{"rendered":"\n<div class=\"wp-block-columns is-layout-flex wp-container-3\">\n<div class=\"wp-block-column is-layout-flow\">\n<h3 class=\"wp-block-heading\" id=\"resumen\">Resumen<\/h3>\n\n\n\n<hr class=\"wp-block-separator has-text-color has-background has-base-background-color has-base-color\"\/>\n\n\n\n<p>Esta asignatura es una introducci\u00f3n a la simulaci\u00f3n de flujos de l\u00e1mina libre mediante la resoluci\u00f3n num\u00e9rica de los modelos de aguas someras. Se estudia en primer lugar la derivaci\u00f3n del sistema de ecuaciones en derivadas parciales que surge al aplicar la hip\u00f3tesis de aguas someras en una dimensi\u00f3n de espacio, as\u00ed como alguna de sus propiedades y del car\u00e1cter de las soluciones. A continuaci\u00f3n, se introducen los m\u00e9todos de vol\u00famenes finitos para leyes de conservaci\u00f3n y leyes de equilibrio y se aplican a la discretizaci\u00f3n del sistema de ecuaciones en derivadas parciales deducidos. Se concluye aplicando lo estudiado a la simulaci\u00f3n efectiva de flujos geof\u00edsicos.<\/p>\n<\/div>\n\n\n\n<div class=\"wp-block-column is-layout-flow\">\n<h3 class=\"wp-block-heading\" id=\"summary\">Summary<\/h3>\n\n\n\n<hr class=\"wp-block-separator has-text-color has-background has-base-background-color has-base-color\"\/>\n\n\n\n<p><em>This course is an introduction to the simulation of free surface flows based on the numerical resolution of shallow water models. First, the systems of Partial Differential Equations corresponding to the shallow water models is derived in the 1d context, and some mathematical properties of the system and of the solutions are analysed. Next, the finite volume methods for both the system of conservation laws and system of balance laws are introduced and applied to the shallow water systems. Finally, the studied methods are applied to simulate some practical examples of geophysical flows.<\/em><\/p>\n<\/div>\n<\/div>\n\n\n\n<h3 class=\"wp-block-heading\" id=\"programas-tecnicas-equipos-normativas-que-el-estudiante-manejara\">Programas \/ t\u00e9cnicas \/ equipos \/ normativas que el estudiante manejar\u00e1<\/h3>\n\n\n\n<hr class=\"wp-block-separator has-text-color has-background has-base-background-color has-base-color\">\n\n\n\n<p><strong><strong>Ansys-fluent \/ Plataforma de simulaci\u00f3n HySea<\/strong><\/strong><\/p>\n\n\n\n<hr class=\"wp-block-separator has-text-color has-background has-base-background-color has-base-color\">\n\n\n\n<div class=\"wp-block-columns is-layout-flex wp-container-7\">\n<div class=\"wp-block-column is-layout-flow\">\n<h4 class=\"wp-block-heading\" id=\"especialidad\"><em>Especialidad<\/em><\/h4>\n\n\n\n<p>Flujos Geof\u00edsicos<\/p>\n<\/div>\n\n\n\n<div class=\"wp-block-column is-layout-flow\">\n<h4 class=\"wp-block-heading\" id=\"caracter\"><em>Car\u00e1cter<\/em><\/h4>\n\n\n\n<p>Optativo<\/p>\n<\/div>\n\n\n\n<div class=\"wp-block-column is-layout-flow\">\n<h4 class=\"wp-block-heading\" id=\"creditos-ects\"><em>Cr\u00e9ditos ECTS<\/em><\/h4>\n\n\n\n<p>6<\/p>\n<\/div>\n<\/div>\n\n\n\n<div class=\"wp-block-columns is-layout-flex wp-container-11\">\n<div class=\"wp-block-column is-layout-flow\">\n<h4 class=\"wp-block-heading\" id=\"cuatrimestre\"><em>Cuatrimestre<\/em><\/h4>\n\n\n\n<p>Segundo<\/p>\n<\/div>\n\n\n\n<div class=\"wp-block-column is-layout-flow\">\n<h4 class=\"wp-block-heading\" id=\"idiomas\"><em>Idiomas<\/em><\/h4>\n\n\n\n<p>Espa\u00f1ol, Ingl\u00e9s<\/p>\n<\/div>\n\n\n\n<div class=\"wp-block-column is-layout-flow\">\n<h4 class=\"wp-block-heading\" id=\"sede\"><em>Sede<\/em><\/h4>\n\n\n\n<p>UMA\/ETSInd<\/p>\n<\/div>\n<\/div>\n\n\n\n<hr class=\"wp-block-separator has-text-color has-background has-base-background-color has-base-color\">\n\n\n\n<h4 class=\"wp-block-heading\" id=\"profesorado\">Profesorado<\/h4>\n\n\n\n<ul><li><a href=\"mailto:jgv@uma.es\">Gonz\u00e1lez Vida, Jos\u00e9 Manuel<\/a>\n                        <\/li><li><a href=\"mailto:mlmunoz@uma.es\">Mu\u00f1oz Ruiz, Mar\u00eda Luz<\/a>\n                        <\/li><li><a href=\"mailto:pares@uma.es\">Par\u00e9s Madro\u00f1a, Carlos<\/a>\n                    <\/li><\/ul>\n\n\n\n<hr class=\"wp-block-separator has-text-color has-background has-base-background-color has-base-color\">\n\n\n\n<h4 class=\"wp-block-heading\" id=\"mas-informacion\">M\u00e1s informaci\u00f3n<\/h4>\n\n\n\n<p><a rel=\"noreferrer noopener\" href=\"https:\/\/www.uma.es\/departments\/subjects\/titulation\/101673\/5232\/\" target=\"_blank\">Enlace<\/a><\/p>\n\n\n\n<hr class=\"wp-block-separator has-text-color has-background has-base-background-color has-base-color\">\n\n\n\n<h4 class=\"wp-block-heading\" id=\"guia-docente\">Gu\u00eda docente<\/h4>\n\n\n\n<p><a rel=\"noreferrer noopener\" href=\"https:\/\/gdfa.ugr.es\/masterha\/verifica\/guia_18.pdf\" target=\"_blank\">Documento<\/a><\/p>\n","protected":false},"excerpt":{"rendered":"<p>Resumen Esta asignatura es una introducci\u00f3n a la simulaci\u00f3n de flujos de l\u00e1mina libre mediante la resoluci\u00f3n num\u00e9rica de los modelos de aguas someras. Se estudia en primer lugar la derivaci\u00f3n del sistema de ecuaciones en derivadas parciales que surge al aplicar la hip\u00f3tesis de aguas someras en una dimensi\u00f3n de espacio, as\u00ed como alguna &#8230; <a title=\"Simulaci\u00f3n num\u00e9rica de flujos geof\u00edsicos &#8211; English\" class=\"read-more\" href=\"https:\/\/aerohidro.uma.es\/?page_id=98&#038;lang=en\" aria-label=\"M\u00e1s en Simulaci\u00f3n num\u00e9rica de flujos geof\u00edsicos &#8211; English\">Leer m\u00e1s<\/a><\/p>\n","protected":false},"author":1,"featured_media":0,"parent":0,"menu_order":0,"comment_status":"closed","ping_status":"closed","template":"","meta":[],"_links":{"self":[{"href":"https:\/\/aerohidro.uma.es\/index.php?rest_route=\/wp\/v2\/pages\/98"}],"collection":[{"href":"https:\/\/aerohidro.uma.es\/index.php?rest_route=\/wp\/v2\/pages"}],"about":[{"href":"https:\/\/aerohidro.uma.es\/index.php?rest_route=\/wp\/v2\/types\/page"}],"author":[{"embeddable":true,"href":"https:\/\/aerohidro.uma.es\/index.php?rest_route=\/wp\/v2\/users\/1"}],"replies":[{"embeddable":true,"href":"https:\/\/aerohidro.uma.es\/index.php?rest_route=%2Fwp%2Fv2%2Fcomments&post=98"}],"version-history":[{"count":0,"href":"https:\/\/aerohidro.uma.es\/index.php?rest_route=\/wp\/v2\/pages\/98\/revisions"}],"wp:attachment":[{"href":"https:\/\/aerohidro.uma.es\/index.php?rest_route=%2Fwp%2Fv2%2Fmedia&parent=98"}],"curies":[{"name":"wp","href":"https:\/\/api.w.org\/{rel}","templated":true}]}}